{"id":2806,"date":"2013-11-17T22:09:54","date_gmt":"2013-11-17T20:09:54","guid":{"rendered":"http:\/\/kantine26.de\/sha\/?page_id=2806"},"modified":"2019-01-30T12:33:45","modified_gmt":"2019-01-30T10:33:45","slug":"altersbeschraenkungen","status":"publish","type":"page","link":"https:\/\/kantine26.de\/sha\/altersbeschraenkungen\/","title":{"rendered":"Altersbeschr\u00e4nkungen"},"content":{"rendered":"<h2><b>beim Einlass zu Konzerten: <\/b><\/h2>\n<p><b><span style=\"color: #ff9900;\">(gilt nicht bei: K26 Live &amp; Club, Rock Show &amp; Rock Kantine, hier gelten die normalen Club-Einlassregelungen)<\/span> <\/b><\/p>\n<h2>Unter 16 Jahren:<\/h2>\n<p>Einlass nur in Begleitung eines Erziehungsberechtigten.<\/p>\n<p><img loading=\"lazy\" decoding=\"async\" src=\"https:\/\/kantine26.de\/sha\/wp-content\/uploads\/2013\/03\/underline4-770x15.png\" alt=\"underline\" width=\"710\" height=\"13\" \/><\/p>\n<h2>16 &amp; 17 Jahre:<\/h2>\n<p>Einlass mit Personalausweis und ausschlie\u00dflich durch Abgabe des Party Passes an der Kasse,<br \/>\nEinlass bis Konzertende bzw. maximal 24 Uhr.<\/p>\n<p><img loading=\"lazy\" decoding=\"async\" src=\"https:\/\/kantine26.de\/sha\/wp-content\/uploads\/2013\/03\/underline4-770x15.png\" alt=\"underline\" width=\"710\" height=\"13\" \/><\/p>\n<h2>Alkohol<\/h2>\n<p>Alle Alkoholischen Getr\u00e4nke, au\u00dfer Wein und Bier, sind f\u00fcr Euch tabu! Damit wir im Club wissen, dass ihr unter 18 seid, bekommt ihr am Eingang einen anderen Stempel. Wer den Stempel abwischt erh\u00e4lt Hausverbot! Wer sich sich von \u00e4lteren Freunden Spirituosen bringen l\u00e4sst, erh\u00e4lt Hausverbot Das gleiche gilt f\u00fcr den Beschaffer. Zus\u00e4tzlich werden generell alle Verst\u00f6\u00dfe gegen das Jugendschutzgesetz dem Jugendamt gemeldet.<\/p>\n<p><img loading=\"lazy\" decoding=\"async\" src=\"https:\/\/kantine26.de\/sha\/wp-content\/uploads\/2013\/03\/underline4-770x15.png\" alt=\"underline\" width=\"710\" height=\"13\" \/><\/p>\n<h2>Rauchen<\/h2>\n<p>In Gastst\u00e4tten, Discotheken oder sonst in der \u00d6ffentlichkeit d\u00fcrfen Tabakwaren an Jugendliche unter 18 Jahren weder abgegeben, noch darf ihnen das Rauchen gestattet werden. Wir als Betreiber der Kantine sind angewiesen, bei Versto\u00df entsprechend zu handeln<br \/>\n(seit 1. September 2007, Rauchverbot lt. \u00a710 (1) Jugendschutzgesetz).<\/p>\n<p><img loading=\"lazy\" decoding=\"async\" src=\"https:\/\/kantine26.de\/sha\/wp-content\/uploads\/2013\/03\/underline4-770x15.png\" alt=\"underline\" width=\"710\" height=\"13\" \/><\/p>\n<h2><b>Ab 18 Jahren:<\/b><\/h2>\n<p>Einlass mit Personalausweis und bis zum Schluss.<\/p>\n<p>Bitte denkt daran, immer Euren Personalausweis dabei zu haben!<br \/>\nWer ohne Ausweis erscheint, wird leider nicht reingelassen und eine R\u00fcckerstattung des Konzertkartenwerts, Reisekosten oder Auslagen ist nicht m\u00f6glich!<\/p>\n","protected":false},"excerpt":{"rendered":"","protected":false},"author":1,"featured_media":0,"parent":0,"menu_order":0,"comment_status":"closed","ping_status":"open","template":"","meta":{"footnotes":""},"class_list":["post-2806","page","type-page","status-publish","hentry"],"_links":{"self":[{"href":"https:\/\/kantine26.de\/sha\/wp-json\/wp\/v2\/pages\/2806"}],"collection":[{"href":"https:\/\/kantine26.de\/sha\/wp-json\/wp\/v2\/pages"}],"about":[{"href":"https:\/\/kantine26.de\/sha\/wp-json\/wp\/v2\/types\/page"}],"author":[{"embeddable":true,"href":"https:\/\/kantine26.de\/sha\/wp-json\/wp\/v2\/users\/1"}],"replies":[{"embeddable":true,"href":"https:\/\/kantine26.de\/sha\/wp-json\/wp\/v2\/comments?post=2806"}],"version-history":[{"count":6,"href":"https:\/\/kantine26.de\/sha\/wp-json\/wp\/v2\/pages\/2806\/revisions"}],"predecessor-version":[{"id":8395,"href":"https:\/\/kantine26.de\/sha\/wp-json\/wp\/v2\/pages\/2806\/revisions\/8395"}],"wp:attachment":[{"href":"https:\/\/kantine26.de\/sha\/wp-json\/wp\/v2\/media?parent=2806"}],"curies":[{"name":"wp","href":"https:\/\/api.w.org\/{rel}","templated":true}]}}